it of (-50)/(-2)*(-45)/((-4725)/14952)?
3
What is the ten thousands digit of (-290283)/(-27) - (-7)/(-28)*(-8)/(-9)?
1
Let z(c) be the second derivative of -c**4/12 + 4*c**3/3 - 7*c**2/2 + c. Let t be z(5). Suppose -t*y + 425 + 15 = 0. What is the tens digit of y?
5
Let x(h) = 18666*h - 1433. What is the thousands digit of x(1)?
7
What is the ten thousands digit of ((-6)/(-75))/(-1) + (159207108/300)/17?
3
Suppose 2*h - 3*b + 2164 = -7*b, -5*b = -h - 1110. Let z = 1705 + h. What is the units digit of z?
5
Let a = -26 + 122. Let x = -24 + a. Let h = x + -6. What is the tens digit of h?
6
Suppose 9 = g - 4. Suppose -9*i = -g*i + 2840. Suppose 178 - i = -14*v. What is the tens digit of v?
3
Let k = 60 + -55. Suppose 3*l + 23 = 2*q + 3, 0 = 3*q + k*l + 8. Let t(j) = -j**3 + 8*j**2 - 4*j + 13. What is the tens digit of t(q)?
6
Suppose -7*d + 5*d + 5*b + 23076 = 0, 4*b + 24 = 0. What is the thousands digit of d?
1
Let y = 1970 - 1140. Suppose -3*b - 4*m + 3*m + 2510 = 0, 0 = b - m - y. What is the units digit of b?
5
Suppose 0 = -17*x + 192391 - 6190. Suppose -3*v + 12*v = x. What is the tens digit of v?
1
Let g(i) = 58*i + 72. Let v be (-41)/(-6) - (-15)/(-18). What is the units digit of g(v)?
0
Let g(u) = -u**3 + 6*u**2 + 4*u - 4. Let s be g(6). Let f(q) = q**2 - 23*q - 10 + s + 3*q - q. What is the tens digit of f(21)?
1
What is the hundreds digit of (-173812)/(-34) - (500/(-85) - -6)?
1
What is the tens digit of (-176571)/(-6) - 22/44?
2
Let j(u) = -167*u - 38. Let r(p) = p**3 - 3*p**2 - 7*p + 6. Let q be r(4). What is the units digit of j(q)?
4
Let u(h) be the second derivative of h**3/3 - 6*h**2 - 9*h. Let r be u(12). What is the units digit of -1*r*300/(-48)?
5
Let w = -15399 - -21981. What is the units digit of w?
2
Suppose 3 = 5*w - g - 25, -4*w = -3*g - 29. Suppose 7*s - 4*s = 5*o - 1648, -663 = -2*o + w*s. What is the hundreds digit of o?
3
Suppose 0 = 13*a + 36 - 7680. Suppose 2*r + a = 2*p, -4*p - 3*r - 1175 = -8*p. What is the tens digit of p?
9
Suppose -5*c = 4*y + 13, 3*y - 5*c + 2 = 36. Suppose -10 = -2*n - 3*x, 13 = 3*n + y*x + 1. What is the tens digit of n*2/(-8) - 1183/(-26)?
4
Suppose 225616 + 1169132 = d + 17*d. What is the thousands digit of d?
7
Suppose 5*j - 2452 = -4*y, 4*y + 9 = 1. What is the hundreds digit of j?
4
Suppose 88*p = 85*p + 981. Let w = p + 535. What is the tens digit of w?
6
Suppose 2*c + 4 = 0, -b = 4*c + 4 + 10. What is the hundreds digit of (b/4)/(11 + (-2423)/220)?
1
Suppose 0 = 3*s - 2*x - 67501, -18106 = -s + x + 4392. What is the thousands digit of s?
2
Let w(x) be the first derivative of -x**3/3 - 9*x**2 - 2*x - 24. Let t(o) = -o**3 - 10*o**2 + 11*o - 4. Let z be t(-11). What is the tens digit of w(z)?
5
Let o(t) = -68*t - 253. Let h(p) = -22*p - 85. Let u(w) = -17*h(w) + 6*o(w). What is the hundreds digit of u(-22)?
6
Let z(m) = 2536*m**3 - m**2 + m - 1. Let t be z(1). Suppose h + t = 5*j, -j + 4*j - h - 1519 = 0. What is the hundreds digit of j?
5
Suppose 40*y - 203057 - 119343 = 0. What is the tens digit of y?
6
Let f = 4028 - -5017. What is the hundreds digit of f?
0
Let w(u) = 47*u**2 - 17*u + 39. What is the ten thousands digit of w(26)?
3
Let a(l) = 15 + 24*l - 68 + 28 - 3*l**3 + 21 + l**2 + 39. What is the tens digit of a(-8)?
4
Let p = 304 + -300. Suppose 5*u + 2*v - 3*v = 17, p*v = -u + 16. What is the units digit of u?
4
Suppose 3*l + 4*y - 192 = 780, -y = -5*l + 1597. Let o = l + -236. What is the units digit of o?
4
Let z(a) = 48*a**2 + 7*a - 6. Let h(o) = -95*o**2 - 15*o + 11. Suppose 2*m - 9 = -3. Let v(s) = m*h(s) + 7*z(s). What is the tens digit of v(2)?
0
Suppose -4*d - 45 = -13*d. What is the tens digit of (3 + -172 + d)/(2/(-4))?
2
Suppose 12 = 4*x - 0, 0 = -5*o + 5*x + 305. Suppose 0 = -c - o + 926. What is the hundreds digit of c?
8
Suppose -440 = -3*q - 581. What is the units digit of q/(371/126 - 3)?
6
Let o be ((-34)/(-4))/((-36)/(-1008)). Suppose 2*j = -5*s + 181, -4*j + o = s - 97. What is the tens digit of j?
8
Let r(g) = -8*g**3 - 7*g**2 - 2*g - 3. Let c = -238 - -343. Let s = c + -108. What is the hundreds digit of r(s)?
1
Suppose -w = 2*p + 20, 0 = -5*w + 6*p - 4*p - 52. What is the units digit of 62/(-5)*120/w?
4
Suppose -292054 = -16*d + 140266. What is the ten thousands digit of d?
2
Suppose 0 = -5*c - 20, -5*f + 6*c + 2527 = -2947. What is the thousands digit of f?
1
Suppose -9*t + 35 = -14*t. Let m be (t/3)/((-20)/(-5700)). Let h = -385 - m. What is the tens digit of h?
8
Let b(q) be the first derivative of -277*q**2 + 71*q + 50. What is the units digit of b(-2)?
9
Suppose -585755 - 728147 = -68*u + 201954. What is the hundreds digit of u?
2
Let y(n) = -n**2 - 15*n + 1. Let k be y(-13). Let u be (-3)/6 + k/6. Let j(t) = 16*t**2 - t - 9. What is the units digit of j(u)?
3
Suppose a - 2 = 0, -b = 4*b - a + 2. Suppose 99*x - 100*x + 322 = b. What is the hundreds digit of x?
3
Suppose -10*x + 24 = 4. Suppose -x*s = 690 - 1980. What is the tens digit of s?
4
Let v = 852 + 2770. What is the tens digit of v?
2
Suppose -28278 = -5*a + 15202. What is the tens digit of a?
9
Let c = 3198 + 14277. What is the units digit of c?
5
Let d(f) = f**3 - 10*f**2 + 6*f + 7. Let r = -6 - -8. Suppose 4*x - 49 = l, r*x - 3*l + l = 32. What is the units digit of d(x)?
4
Suppose -5*f - t + 21098 = 0, 14*f - 4*t = 17*f - 12652. What is the hundreds digit of f?
2
Let w(z) = 2*z**2 + 46*z - 34. Let y be w(-24). Let x be (-16)/(-56) - (-24)/y. Suppose -m - 277 = -5*o + x*o, 0 = 4*o + m - 360. What is the tens digit of o?
9
Let s = 7114 + -3756. Let i = s + -1933. What is the hundreds digit of i?
4
Let a(h) = 17*h**3 - 35*h**2 + 206*h - 30. What is the ten thousands digit of a(10)?
1
Let v(n) = -8*n + 103. Let r be v(15). Let h(y) = -y**3 - 16*y**2 - 11*y - 33. What is the units digit of h(r)?
3
What is the tens digit of (-6)/(-4)*2*(4350 + 719)?
0
Let w(q) = 646*q**2 + 25*q + 163. What is the tens digit of w(-6)?
6
Suppose 80*b + 988 = 78*b. Let w = 957 + b. What is the tens digit of w?
6
Suppose -5*v + 29768 - 8423 = 5*d, 4*v + 8550 = 2*d. What is the tens digit of d?
7
Suppose 57*j + 3*j - 120 = 0. Let w(g) = -9*g**3 + 2*g**2 - 3*g. Let h be w(-3). Suppose 3*x = 6*x - j*k - 785, 0 = -x - k + h. What is the tens digit of x?
6
Let h = -28 - -43. Let t = 18 - h. Suppose t*k - 4*w - 96 - 122 = 0, -1 = -w. What is the tens digit of k?
7
Let z(w) = 135*w - 431. Let k(i) = -68*i + 217. Let r(p) = 5*k(p) + 3*z(p). What is the hundreds digit of r(18)?
9
Let b(u) be the first derivative of -9*u + 2 - 9/2*u**2 + 1/3*u**3. What is the units digit of b(10)?
1
Let n be ((-235)/20 + 3)/((-2)/(-8)). Let k = -1 - n. What is the units digit of -292*(-5 - k/(-8))?
9
Suppose -9*m - 139 = -625. What is the hundreds digit of ((-3032)/(-6))/(18/m)*1?
5
Let u(v) = -11*v + 1. Let s(y) = 2*y - 15. Let c be s(5). Let z be u(c). Suppose d = -3*q - 1 + z, 57 = d + q. What is the units digit of d?
8
Suppose 0 = -2*r - 8*r. Suppose -2*u - 5*d + 1962 = 0, -6*u + u + 5*d + 4940 = r. What is the hundreds digit of u?
9
Let p = 4563 + -2937. Suppose -5*m + 208 = -3*l + 1196, -5*l - 2*m = -p. What is the tens digit of l?
2
What is the hundreds digit of (2*(-2)/(-4))/(5 + (-170164)/34033)?
0
Suppose 0 = -17*n + 57 - 23. Suppose h - 360 = -l, -905 = -n*l - 5*h - 197. What is the hundreds digit of l?
3
Suppose 2*i - 4*s - 12 = 0, -i - 2*s - s = 4. Suppose 115 = 3*y + i*y. Suppose 25*w - 210 = y*w. What is the tens digit of w?
0
What is the units digit of -9 - (-19 - 1)/((-4)/(-1416))?
1
Let n be (129/4)/(3/8). Let g = -84 + n. Suppose 0 = g*p - 4*p + 238. What is the units digit of p?
9
Let w(p) = 13*p**2 + 6*p + 196. What is the units digit of w(-22)?
6
Let y(x) = -x**2 + 12*x + 6. Let q be y(9). Let t(b) = -3*b**2 + 30*b - 5*b**2 + 4*b**2 + 3*b**2 - q. What is the tens digit of t(15)?
9
Let q = -8596 + 14719. What is the tens digit of q?
2
Let k(c) = 44*c + 5336. What is the thousands digit of k(-56)?
2
Let p = 114 + -77. Suppose 10 = -9*i + p. Suppose -432 = -11*g + i*g. What is the units digit of g?
4
Let w = 57 - 53. Suppose 8*c - 1128 = -w*c. Let o = -42 + c. What is the units digit of o?
2
Suppose a - 2207 = 6*m + 1755, -a - 3*m + 3917 = 0. What is the units digit of a?
2
Suppose -3*x = -5*o + 107179, o - 15*x - 21407 